 and 50972?
4
Calculate the highest common divisor of 287589 and 153.
51
What is the greatest common factor of 395305 and 66265?
2285
What is the greatest common divisor of 29815 and 30887?
67
What is the highest common divisor of 3322307 and 409?
409
What is the highest common factor of 1972450 and 100?
50
Calculate the greatest common divisor of 217684 and 20.
4
What is the greatest common factor of 15778 and 483?
161
What is the highest common factor of 6741 and 91?
7
What is the greatest common factor of 30 and 4266?
6
What is the greatest common divisor of 272 and 1677628?
68
Calculate the highest common divisor of 495804 and 3002.
158
What is the highest common divisor of 170 and 790?
10
What is the highest common divisor of 6685 and 1295?
35
What is the highest common divisor of 25217 and 668?
167
Calculate the highest common divisor of 63 and 158046.
21
Calculate the highest common divisor of 14 and 44303.
7
Calculate the highest common factor of 3825 and 450.
225
Calculate the highest common divisor of 143 and 86603.
11
Calculate the highest common divisor of 9579 and 7725.
309
What is the highest common factor of 638 and 805301?
29
Calculate the highest common divisor of 405064 and 16.
8
Calculate the highest common factor of 5 and 26165.
5
Calculate the greatest common factor of 70 and 105217.
7
What is the greatest common factor of 297066 and 33?
33
What is the highest common factor of 5593 and 382627?
329
Calculate the highest common factor of 291229 and 20917.
1609
Calculate the greatest common divisor of 311199 and 3381.
147
Calculate the greatest common factor of 180 and 950940.
180
What is the greatest common factor of 3552 and 145743?
111
What is the greatest common divisor of 214548 and 60?
12
What is the greatest common factor of 11564 and 13132?
196
Calculate the highest common factor of 1241513 and 637.
637
Calculate the highest common factor of 187 and 18275.
17
What is the highest common divisor of 33 and 419496?
33
Calculate the greatest common factor of 18400 and 46400.
800
What is the highest common divisor of 3 and 136464?
3
What is the highest common factor of 972 and 8478?
54
Calculate the highest common factor of 68784 and 624.
48
What is the highest common factor of 9808 and 128?
16
What is the highest common divisor of 12 and 241194?
6
Calculate the highest common divisor of 20636 and 231.
77
Calculate the greatest common divisor of 49847 and 7.
7
What is the greatest common factor of 5120 and 34280?
40
What is the highest common factor of 418 and 37088?
38
What is the greatest common factor of 127764 and 54?
54
What is the greatest common factor of 63999 and 117?
117
Calculate the greatest common divisor of 469 and 5159.
469
Calculate the greatest common factor of 1281071 and 11.
11
Calculate the highest common divisor of 6402 and 22.
22
What is the greatest common factor of 2751 and 210?
21
What is the highest common divisor of 270 and 24345?
45
Calculate the greatest common factor of 9035 and 35165.
65
Calculate the highest common divisor of 1312649 and 481.
481
What is the greatest common factor of 461880 and 40?
40
What is the greatest common factor of 30 and 3716650?
10
Calculate the highest common factor of 199695 and 135.
15
What is the greatest common factor of 97 and 7227373?
97
What is the greatest common factor of 3051 and 459?
27
Calculate the greatest common divisor of 3569 and 2407.
83
Calculate the greatest common divisor of 18246501 and 39.
39
What is the highest common divisor of 1237 and 2?
1
What is the greatest common divisor of 143 and 69476?
11
What is the highest common factor of 239661 and 4278?
93
Calculate the greatest common factor of 2882 and 1031232.
262
What is the highest common factor of 13195 and 5369?
91
What is the greatest common factor of 152 and 49848?
8
What is the highest common divisor of 824 and 5856?
8
Calculate the greatest common divisor of 34112 and 448.
64
What is the greatest common divisor of 89765 and 65?
65
What is the highest common factor of 57460 and 16660?
340
What is the greatest common factor of 1066 and 2470?
26
Calculate the greatest common factor of 120 and 21320.
40
What is the highest common factor of 517995 and 1215?
405
Calculate the greatest common divisor of 1431018 and 2.
2
What is the greatest common factor of 6415 and 2633999?
1283
What is the highest common divisor of 73416 and 141512?
1064
Calculate the greatest common factor of 425 and 34595.
85
Calculate the greatest common factor of 108748 and 2976.
124
What is the greatest common divisor of 2673 and 38049?
33
What is the greatest common factor of 22363 and 22?
11
Calculate the highest common factor of 12416 and 96.
32
Calculate the highest common factor of 274195 and 6293.
899
What is the greatest common divisor of 1278 and 393411?
213
Calculate the greatest common divisor of 1830991 and 537.
179
What is the greatest common divisor of 108 and 312918?
6
What is the highest common factor of 215772 and 24?
12
Calculate the highest common factor of 12749 and 1045.
209
Calculate the highest common divisor of 685851 and 9.
3
Calculate the highest common divisor of 165 and 387145.
55
What is the highest common divisor of 2769222 and 82?
82
Calculate the highest common divisor of 133 and 5339.
19
Calculate the highest common divisor of 8315 and 45.
5
Calculate the greatest common divisor of 6956 and 139214.
94
What is the highest common divisor of 11521 and 205?
41
Calculate the highest common factor of 145719 and 6168.
771
What is the highest common divisor of 255 and 24450?
15
Calculate the greatest common factor of 144 and 22272.
48
Calculate the greatest common divisor of 229466 and 5558.
794
Calculate the greatest common factor of 42485 and 145.
145
What is the greatest common factor of 42 and 65086?
14
What is the greatest common factor of 32087 and 33?
11
Calculate the greatest common divisor of 167910 and 87.
87
What is the greatest common factor of 484431 and 339?
339
What is the greatest common factor of 252174 and 212?
106
Calculate the greatest common divisor of 389085 and 15.
15
Calculate the highest common factor of 190 and 6466.
2
Calculate the highest common divisor of 102 and 50847.
51
What is the greatest common factor of 3625 and 955?
5
What is the highest common divisor of 518 and 15218?
14
What is the greatest common divisor of 9320 and 1000?
40
Calculate the highest common divisor of 493010 and 10.
10
Calculate the greatest common divisor of 260 and 44100.
20
What is the highest common divisor of 285498 and 622?
622
What is the greatest common divisor of 29565 and 10530?
405
Calculate the greatest common factor of 27680 and 860.
20
Calculate the greatest common factor of 23 and 8055313.
23
Calculate the highest common divisor of 7030 and 246790.
370
What is the highest common divisor of 112 and 29584?
16
What is the highest common divisor of 5331 and 6622879?
1777
Calculate the highest common divisor of 308 and 9317.
77
Calculate the greatest common factor of 225 and 14925.
75
What is the highest common factor of 45 and 6354?
9
What is the highest common factor of 136 and 258638?
34
What is the greatest common divisor of 199416 and 48?
24
What is the greatest common divisor of 17 and 2533?
17
Calculate the highest common divisor of 1683 and 27676.
187
Calculate the greatest common factor of 559 and 138847.
43
Calculate the greatest common divisor of 194 and 15963096.
194
What is the highest common factor of 70 and 4711?
7
Calculate the highest common factor of 13735 and 134.
67
What is the greatest common factor of 12398748 and 276?
276
Calculate the greatest common divisor of 1335 and 435.
15
What is the highest common divisor of 138500 and 1500?
500
Calculate the greatest common divisor of 20 and 6559660.
20
Calculate the highest common divisor of 11025 and 1350.
225
Calculate the greatest common divisor of 21359 and 102362.
403
Calculate the highest common factor of 1242 and 756.
54
Calculate the highest common factor of 6176 and 954578.
386
Calculate the highest common divisor of 363 and 8448.
33
What is the highest common divisor of 84 and 567?
21
Calculate the greatest common factor of 126 and 10808.
14
What is the greatest common factor of 174 and 1334145?
87
W